5617. What is u(20)?
3
Let x(t) = -27*t + 139. Determine x(4).
31
Let c(k) = -k**2 - 29*k - 74. Determine c(-25).
26
Let d(v) = -v**3 - 14*v**2 - 43*v + 68. Give d(-7).
26
Let o(b) = -b**3 - 15*b**2 - 39*b - 33. What is o(-5)?
-88
Let o(a) = a**3 - 24*a**2 - 32*a + 224. Determine o(25).
49
Let j(z) = -58*z + 3274. Calculate j(56).
26
Let q(n) = 263*n**2 + 21*n + 19. Calculate q(-1).
261
Let n(q) = -9*q**2 - 30*q - 4. Determine n(-3).
5
Let y(i) = -i**3 + 16*i**2 - 35*i + 79. Give y(14).
-19
Let u(o) = -388*o - 3117. Calculate u(-8).
-13
Let f(h) = 4*h + 142. Give f(-33).
10
Let y(f) = 153*f - 3967. Give y(26).
11
Let z(i) = -55*i + 6399. Calculate z(116).
19
Let n(d) = d**2 + 80*d - 324. Give n(4).
12
Let u(s) = -5*s**2 + 63*s - 91. Give u(6).
107
Let p(z) = z**2 - 273*z - 3134. Calculate p(-11).
-10
Let w(j) = -10*j - 116. What is w(-16)?
44
Let j(r) = -2*r**3 - 55*r**2 + 26*r - 60. Give j(-28).
-4
Let h(m) = -2*m - 58. Calculate h(-17).
-24
Let g(k) = -21*k + 255. What is g(-8)?
423
Let q(m) = -18*m + 1230. Determine q(69).
-12
Let g(s) = 266*s + 1020. What is g(-4)?
-44
Let s(t) = 75*t + 1206. Calculate s(-16).
6
Let n(j) = -15*j + 69. Give n(6).
-21
Let q(c) = -c**2 + 30*c + 1079. What is q(-20)?
79
Let b(q) = -2*q**2 + 78*q + 21917. Calculate b(-87).
-7
Let n(w) = -6*w**3 - 14*w**2 + 5*w - 3. Determine n(-5).
372
Let u(y) = -8075*y + 32297. Calculate u(4).
-3
Let o(r) = 1677*r - 20118. Calculate o(12).
6
Let k(d) = -d**2 - 182*d - 1238. Determine k(-7).
-13
Let q(y) = 76*y + 245. Calculate q(-7).
-287
Let j(f) = f**3 - f**2 - 3*f - 20. Calculate j(0).
-20
Let w(l) = l**3 + 8*l**2 - 12*l - 9. Give w(-9).
18
Let y(q) = 21*q**2 - 99*q + 7. Give y(5).
37
Let r(o) = -o**3 - 10*o**2 + 12*o - 12. Give r(-6).
-228
Let s(f) = 3*f**3 + 85*f**2 - 57*f - 45. Determine s(-29).
-74
Let x(v) = -19*v - 98. Give x(-11).
111
Let d(c) = -17*c**2 - 4*c - 2. Determine d(-4).
-258
Let a(w) = -w**2 - 34*w + 1722. What is a(-57)?
411
Let a(s) = -33*s**2 - 14*s + 16. Calculate a(1).
-31
Let d(m) = m**2 + 21*m + 25. Give d(-19).
-13
Let w(s) = -s**3 - 161*s**2 - 1509*s + 80. What is w(-151)?
-71
Let k(f) = 215*f + 3072. Determine k(-14).
62
Let d(c) = -c**2 + c + 15. Calculate d(-14).
-195
Let b(s) = s**3 + 72*s**2 + 868*s + 187. Calculate b(-15).
-8
Let d(m) = -22*m + 58. What is d(2)?
14
Let l(i) = 11*i + 557. What is l(-33)?
194
Let b(o) = -o**3 + 8*o**2 - 22*o + 55. Calculate b(5).
20
Let u(p) = 4*p**3 + 8*p**2 - 3*p + 3. Calculate u(0).
3
Let k(n) = -151*n - 1966. What is k(-13)?
-3
Let b(d) = -1203*d + 2362. What is b(2)?
-44
Let h(a) = a**3 - a**2 - 35*a - 9. What is h(-7)?
-156
Let o(m) = -3*m**2 + 7*m - 51. Calculate o(4).
-71
Let o(z) = 14*z**3 + z + 5. Give o(2).
119
Let q(z) = 4*z**3 - 21*z**2 + 5*z - 22. What is q(4)?
-82
Let a(b) = -10*b - 350. Determine a(-34).
-10
Let m(j) = -411*j - 3287. Give m(-8).
1
Let z(s) = -s**3 + 25*s**2 - 101*s - 117. Calculate z(19).
130
Let w(l) = -361*l - 85922. Calculate w(-238).
-4
Let t(h) = h**3 - 37*h**2 + 70*h - 28. What is t(35)?
-28
Let q(m) = 1513*m + 10592. What is q(-7)?
1
Let d(l) = l**2 + 71*l - 456. What is d(-77)?
6
Let p(v) = 92*v + 956. Determine p(-11).
-56
Let j(k) = -k**3 - 8*k**2 - 9*k - 130. What is j(-9)?
32
Let x(n) = -27*n**2 - 297*n + 5. Calculate x(-11).
5
Let l(d) = -6*d**2 + 12*d + 81. Determine l(-5).
-129
Let j(p) = -p**3 + 4*p**2 - 12*p + 16. Determine j(3).
-11
Let p(n) = 2153*n + 6515. Calculate p(-3).
56
Let g(t) = t**2 + 19*t - 482. Calculate g(-32).
-66
Let x(c) = 2*c**2 - 14*c - 1280. Give x(29).
-4
Let g(f) = -760*f + 1329. What is g(2)?
-191
Let v(f) = f**2 - 15*f - 28. What is v(-2)?
6
Let n(k) = k**2 + 46*k + 342. Give n(-37).
9
Let z(c) = c**3 - 33*c + 49. Determine z(5).
9
Let a(j) = 13*j - 960. What is a(72)?
-24
Let h(k) = 2*k**3 - 36*k**2 + 86*k + 37. What is h(15)?
-23
Let k(r) = 199*r + 1115. Give k(-6).
-79
Let m(d) = 2*d**2 - 16*d. What is m(7)?
-14
Let n(v) = -72*v - 286. Give n(-4).
2
Let f(b) = 10*b**2 - 100*b + 12. Calculate f(10).
12
Let k(i) = 12*i + 53. What is k(9)?
161
Let j(w) = -741*w - 5231. What is j(-7)?
-44
Let r(w) = 71*w**2 + 12*w - 1. Determine r(-3).
602
Let i(m) = m + 70. Give i(-13).
57
Let g(l) = 49*l + 206. Determine g(-6).
-88
Let o(g) = -2*g**3 - 18*g**2 - 30*g - 231. Give o(-10).
269
Let q(b) = 2*b**3 - 20*b**2 - 29*b + 26. Determine q(11).
-51
Let r(i) = -2257*i + 47387. What is r(21)?
-10
Let o(d) = 13*d - 1182. Determine o(46).
-584
Let x(i) = i**3 - 13*i**2 + 26*i + 84. What is x(10)?
44
Let b(g) = 81*g**2 + 818*g + 36. Give b(-10).
-44
Let w(a) = a**3 + 3*a**2 - 2*a - 9. Calculate w(-3).
-3
Let b(v) = 59*v + 4444. Determine b(-75).
19
Let z(d) = -4*d**2 - 36*d + 80. What is z(-11)?
-8
Let t(d) = 5*d - 44. Determine t(31).
111
Let y(v) = 2*v + 35. Determine y(-17).
1
Let l(a) = a**3 - 18*a**2 - 1211*a + 101. Determine l(-27).
-7
Let n(s) = -2*s**3 - 26*s**2 + 165*s + 1576. Determine n(-15).
1
Let z(u) = u**3 + 14*u**2 - 45*u - 27. Give z(-16).
181
Let v(f) = f**2 - 9*f - 194. What is v(0)?
-194
Let z(l) = -7*l + 72. Calculate z(19).
-61
Let z(g) = -38*g + 286. Give z(8).
-18
Let y(o) = o**2 - 78*o + 573. Calculate y(78).
573
Let u(v) = 84*v - 120. What is u(2)?
48
Let i(u) = u**3 + 14*u**2 + 679*u + 7180. What is i(-11)?
74
Let s(v) = -369*v + 57565. What is s(156)?
1
Let p(k) = k**3 + 37*k**2 + 231*k + 502. What is p(-30)?
-128
Let j(f) = f**3 + 6*f**2 - 43*f - 226. Determine j(-4).
-22
Let t(u) = 3*u**2 - 11*u - 39. Calculate t(6).
3
Let y(o) = 5*o**2 - 34*o + 158. Give y(4).
102
Let u(g) = -3*g**3 - 23*g**2 - 7*g + 4. What is u(-7)?
-45
Let b(a) = 17*a - 856. What is b(50)?
-6
Let g(k) = 2*k**2 + 30*k + 118. Calculate g(-10).
18
Let u(x) = 36*x**2 - 9*x - 5. Give u(-1).
40
Let v(g) = -3*g**3 - 11*g**2 + 2*g - 9. Give v(-5).
81
Let v(s) = 316*s + 1901. Calculate v(-6).
5
Let h(u) = -u**3 + 33*u**2 + 71*u - 48. What is h(35)?
-13
Let w(n) = n**3 - 22*n**2 - 7*n + 581. Determine w(21).
-7
Let q(w) = -4*w**2 - 51*w + 1. Calculate q(-14).
-69
Let w(m) = 12*m**2 + 1957*m + 159. What is w(-163)?
-4
Let p(y) = -2*y**2 + 33*y + 12. Determine p(18).
-42
Let r(o) = -10*o**2 + 13*o - 67. What is r(4)?
-175
Let g(l) = -l**3 - 18*l**2 - 114*l - 2095. Calculate g(-18).
-43
Let z(u) = u**3 - 11*u**2 + 31*u + 21. Calculate z(8).
77
Let f(i) = -3*i**2 - 14*i - 27. Determine f(-9).
-144
Let o(f) = 5*f**2 + 8*f + 82. Give o(-6).
214
Let o(k) = k**3 - k**2 + 73*k + 150. Calculate o(-2).
-8
Let h(n) = -2*n**3 - 12*n**2 - 9*n + 4. Determine h(-5).
-1
Let t(s) = -s**3 + 102*s**2 - 920*s + 14. Determine t(92).
14
Let y(a) = -10*a**3 - 3*a**2 + 3. Calculate y(-3).
246
Let z(d) = d**3 - d**2 - 108*d + 34. Determine z(-12).
-542
Let a(l) = -l**2 - 42*l - 316. Determine a(-27).
89
Let c(p) = -13*p + 701. Give c(39).
194
Let a(j) = -j**3 - 18*j**2 + 63*j + 12. Give a(3).
12
Let k(x) = 4*x**2 + 518*x - 236. Determine k(-130).
24
Let l(y) = y**3 + 11*y**2 - 38*y - 161. Give l(-13).
-5
Let t(r) = -1673*r + 16702. Determine t(10).
-28
Let c(z) = 7*z + 64. Give c(-18).
-62
Let x(p) = 3*p + 128. Calculate x(21).
191
Let y(j) = -21*j**2 - 24*j - 163. What is y(-5)?
-568
Let q(k) = -k**3 - 57*k**2 - 786*k - 143. Give q(-34).
-7
Let h(v) = -2*v**2 - 85*v - 26. Determine h(-41).
97
Let d(n) = 5*n**2 - 867*n + 867. Calculate d(1).
5
Let r(h) = -h**2 - 21*h + 79. Give r(3).
7
Let p(d) = -2562*d - 10247. What is p(-4)?
1
Let g(a) = 4*a**2 - 124*a - 251. What is g(-2)?
13
Let f(o) = -44*o - 433. What is f(-10)?
7
Let q(y) = -3*y**2 + 29*y + 43. What is q(-2)?
-27
Let a(o) = -89*o + 763. What is a(9)?
-38
Let r(z) = 180*z**2 + 716*z - 1. What is r(-4)?
15
Let f(s) = -6*s**3 + 70*s**2 + 16*s + 102. Determine f(12).
6
Let n(b) = b**3 + 146*b**2 + 1608*b + 5. What is n(-12)?
5
Let g(i) = -i**3 - 57*i**2 - 264*i - 2. Give g(-5).
18
Let l(q) = -6*q**2 - 171*q - 994. Calculate l(-8).
-10
Let g(f) = 4*f**3 + 21*f**2 + 100*f + 1. Give g(-6).
-707
Let m(d) = 37295*d + 111885. Give m(-3).
0
Let b(z) = -z**2 - 862*z - 9352. Determine b(-11).
9
Let m(l) = -3*l**2 + 74*l - 149. Give m(22).
27
Let g(x) = -2*x**2 - 12*x + 23. Give g(3).
-31
Let f(y) = -20*y + 182. Give f(10).
-18
Let j(l) = l**3 + 20*l**2 + 88*l + 103. Give j(-12).
199
Let f(g) = g**3 - 2*g**2 - 159*g - 6. What is f(0)?
-6
